[INFO] cloning repository https://github.com/bmancini55/rust-lightning-example
[INFO] running `Command { std: "git" "-c" "credential.helper=" "-c" "credential.helper=/workspace/cargo-home/bin/git-credential-null" "clone" "--bare" "https://github.com/bmancini55/rust-lightning-example" "/workspace/cache/git-repos/https%3A%2F%2Fgithub.com%2Fbmancini55%2Frust-lightning-example", kill_on_drop: false }`
[INFO] [stderr] Cloning into bare repository '/workspace/cache/git-repos/https%3A%2F%2Fgithub.com%2Fbmancini55%2Frust-lightning-example'...
[INFO] running `Command { std: "git" "rev-parse" "HEAD", kill_on_drop: false }`
[INFO] [stdout] 1130624e48068260d4b9bc52868e050f2761be06
[INFO] checking bmancini55/rust-lightning-example against try#72f88fc4e9458f89516a0b8b0868f3718aec5b47 for pr-74989
[INFO] running `Command { std: "git" "clone" "/workspace/cache/git-repos/https%3A%2F%2Fgithub.com%2Fbmancini55%2Frust-lightning-example" "/workspace/builds/worker-5/source", kill_on_drop: false }`
[INFO] [stderr] Cloning into '/workspace/builds/worker-5/source'...
[INFO] [stderr] done.
[INFO] validating manifest of git repo https://github.com/bmancini55/rust-lightning-example on toolchain 72f88fc4e9458f89516a0b8b0868f3718aec5b47
[INFO] running `Command { std: "/workspace/cargo-home/bin/cargo" "+72f88fc4e9458f89516a0b8b0868f3718aec5b47" "read-manifest" "--manifest-path" "Cargo.toml", kill_on_drop: false }`
[INFO] started tweaking git repo https://github.com/bmancini55/rust-lightning-example
[INFO] removed path dependency lightning from git repo https://github.com/bmancini55/rust-lightning-example
[INFO] removed path dependency lightning-net-tokio from git repo https://github.com/bmancini55/rust-lightning-example
[INFO] finished tweaking git repo https://github.com/bmancini55/rust-lightning-example
[INFO] tweaked toml for git repo https://github.com/bmancini55/rust-lightning-example written to /workspace/builds/worker-5/source/Cargo.toml
[INFO] crate git repo https://github.com/bmancini55/rust-lightning-example already has a lockfile, it will not be regenerated
[INFO] running `Command { std: "/workspace/cargo-home/bin/cargo" "+72f88fc4e9458f89516a0b8b0868f3718aec5b47" "fetch" "--locked" "--manifest-path" "Cargo.toml", kill_on_drop: false }`
[INFO] [stderr]     Updating crates.io index
[INFO] [stderr] error: the lock file /workspace/builds/worker-5/source/Cargo.lock needs to be updated but --locked was passed to prevent this
[INFO] [stderr] If you want to try to generate the lock file without accessing the network, use the --offline flag.
[INFO] the lockfile is outdated, regenerating it
[INFO] running `Command { std: "/workspace/cargo-home/bin/cargo" "+72f88fc4e9458f89516a0b8b0868f3718aec5b47" "generate-lockfile" "--manifest-path" "Cargo.toml" "-Zno-index-update", kill_on_drop: false }`
[INFO] [stderr]     Blocking waiting for file lock on package cache
[INFO] running `Command { std: "/workspace/cargo-home/bin/cargo" "+72f88fc4e9458f89516a0b8b0868f3718aec5b47" "fetch" "--locked" "--manifest-path" "Cargo.toml", kill_on_drop: false }`
[INFO] [stderr]     Blocking waiting for file lock on package cache
[INFO] [stderr]  Downloading crates ...
[INFO] [stderr]   Downloaded bitcoin_hashes v0.7.6
[INFO] [stderr]   Downloaded bitcoin v0.23.0
[INFO] [stderr]   Downloaded lightning-net-tokio v0.0.4
[INFO] [stderr]   Downloaded lightning v0.0.11
[INFO] running `Command { std: "docker" "create" "-v" "/var/lib/crater-agent-workspace/builds/worker-5/target:/opt/rustwide/target:rw,Z" "-v" "/var/lib/crater-agent-workspace/builds/worker-5/source:/opt/rustwide/workdir:ro,Z" "-v" "/var/lib/crater-agent-workspace/cargo-home:/opt/rustwide/cargo-home:ro,Z" "-v" "/var/lib/crater-agent-workspace/rustup-home:/opt/rustwide/rustup-home:ro,Z" "-e" "SOURCE_DIR=/opt/rustwide/workdir" "-e" "CARGO_TARGET_DIR=/opt/rustwide/target" "-e" "CARGO_HOME=/opt/rustwide/cargo-home" "-e" "RUSTUP_HOME=/opt/rustwide/rustup-home" "-w" "/opt/rustwide/workdir" "-m" "1610612736" "--user" "0:0" "--network" "none" "rustops/crates-build-env@sha256:d92eaeed33fa75130ca1ee6c8a01d1ffb62bac859dfdfb3450e3e5d1c0146529" "/opt/rustwide/cargo-home/bin/cargo" "+72f88fc4e9458f89516a0b8b0868f3718aec5b47" "metadata" "--no-deps" "--format-version=1", kill_on_drop: false }`
[INFO] [stdout] d4c8333baa4860893b9ddafcf8d575ac83f562fd03752b65e871af53169f7225
[INFO] [stderr] WARNING: Your kernel does not support swap limit capabilities or the cgroup is not mounted. Memory limited without swap.
[INFO] running `Command { std: "docker" "start" "-a" "d4c8333baa4860893b9ddafcf8d575ac83f562fd03752b65e871af53169f7225", kill_on_drop: false }`
[INFO] running `Command { std: "docker" "inspect" "d4c8333baa4860893b9ddafcf8d575ac83f562fd03752b65e871af53169f7225", kill_on_drop: false }`
[INFO] running `Command { std: "docker" "rm" "-f" "d4c8333baa4860893b9ddafcf8d575ac83f562fd03752b65e871af53169f7225", kill_on_drop: false }`
[INFO] [stdout] d4c8333baa4860893b9ddafcf8d575ac83f562fd03752b65e871af53169f7225
[INFO] running `Command { std: "docker" "create" "-v" "/var/lib/crater-agent-workspace/builds/worker-5/target:/opt/rustwide/target:rw,Z" "-v" "/var/lib/crater-agent-workspace/builds/worker-5/source:/opt/rustwide/workdir:ro,Z" "-v" "/var/lib/crater-agent-workspace/cargo-home:/opt/rustwide/cargo-home:ro,Z" "-v" "/var/lib/crater-agent-workspace/rustup-home:/opt/rustwide/rustup-home:ro,Z" "-e" "SOURCE_DIR=/opt/rustwide/workdir" "-e" "CARGO_TARGET_DIR=/opt/rustwide/target" "-e" "CARGO_INCREMENTAL=0" "-e" "RUST_BACKTRACE=full" "-e" "RUSTFLAGS=--cap-lints=forbid" "-e" "CARGO_HOME=/opt/rustwide/cargo-home" "-e" "RUSTUP_HOME=/opt/rustwide/rustup-home" "-w" "/opt/rustwide/workdir" "-m" "1610612736" "--user" "0:0" "--network" "none" "rustops/crates-build-env@sha256:d92eaeed33fa75130ca1ee6c8a01d1ffb62bac859dfdfb3450e3e5d1c0146529" "/opt/rustwide/cargo-home/bin/cargo" "+72f88fc4e9458f89516a0b8b0868f3718aec5b47" "check" "--frozen" "--all" "--all-targets" "--message-format=json", kill_on_drop: false }`
[INFO] [stdout] 3bff60d7dff980e0f7fd688fd6d4ce2adc7a4e0cc489e3561e833b796960d563
[INFO] [stderr] WARNING: Your kernel does not support swap limit capabilities or the cgroup is not mounted. Memory limited without swap.
[INFO] running `Command { std: "docker" "start" "-a" "3bff60d7dff980e0f7fd688fd6d4ce2adc7a4e0cc489e3561e833b796960d563", kill_on_drop: false }`
[INFO] [stderr]     Blocking waiting for file lock on package cache
[INFO] [stderr]    Compiling libc v0.2.77
[INFO] [stderr]    Compiling autocfg v0.1.7
[INFO] [stderr]     Checking rand_core v0.4.2
[INFO] [stderr]     Checking cfg-if v0.1.10
[INFO] [stderr]    Compiling proc-macro2 v1.0.21
[INFO] [stderr]    Compiling unicode-xid v0.2.1
[INFO] [stderr]    Compiling getrandom v0.1.15
[INFO] [stderr]    Compiling byteorder v1.3.4
[INFO] [stderr]    Compiling memchr v2.3.3
[INFO] [stderr]     Checking bitcoin_hashes v0.7.6
[INFO] [stderr]     Checking bech32 v0.7.2
[INFO] [stderr]     Checking slab v0.4.2
[INFO] [stderr]     Checking ppv-lite86 v0.2.9
[INFO] [stderr]     Checking pin-project-lite v0.1.7
[INFO] [stderr]     Checking lazy_static v1.4.0
[INFO] [stderr]     Checking fnv v1.0.7
[INFO] [stderr]     Checking bytes v0.5.6
[INFO] [stderr]     Checking hex v0.4.2
[INFO] [stderr]    Compiling secp256k1 v0.15.5
[INFO] [stderr]    Compiling secp256k1-sys v0.1.2
[INFO] [stderr]     Checking log v0.4.11
[INFO] [stderr]     Checking rand_core v0.3.1
[INFO] [stderr]     Checking rand_jitter v0.1.4
[INFO] [stderr]     Checking rand_xorshift v0.1.1
[INFO] [stderr]     Checking rand_isaac v0.1.1
[INFO] [stderr]     Checking rand_hc v0.1.0
[INFO] [stderr]    Compiling rand_pcg v0.1.2
[INFO] [stderr]    Compiling rand_chacha v0.1.1
[INFO] [stderr]    Compiling rand v0.6.5
[INFO] [stderr]     Checking rand_os v0.1.3
[INFO] [stderr]     Checking net2 v0.2.35
[INFO] [stderr]     Checking iovec v0.1.4
[INFO] [stderr]     Checking num_cpus v1.13.0
[INFO] [stderr]     Checking rand_core v0.5.1
[INFO] [stderr]    Compiling quote v1.0.7
[INFO] [stderr]     Checking secp256k1 v0.17.2
[INFO] [stderr]     Checking mio v0.6.22
[INFO] [stderr]     Checking rand_chacha v0.2.2
[INFO] [stderr]    Compiling syn v1.0.40
[INFO] [stderr]     Checking rand v0.7.3
[INFO] [stderr]     Checking bitcoin v0.21.0
[INFO] [stderr]     Checking bitcoin v0.23.0
[INFO] [stderr]    Compiling tokio-macros v0.2.5
[INFO] [stderr]     Checking lightning v0.0.11
[INFO] [stderr]     Checking tokio v0.2.22
[INFO] [stderr]     Checking lightning-net-tokio v0.0.4
[INFO] [stderr]     Checking rust-lightning-example v0.1.0 (/opt/rustwide/workdir)
[INFO] [stdout] error[E0433]: failed to resolve: could not find `routing` in `lightning`
[INFO] [stdout]   --> src/client.rs:32:16
[INFO] [stdout]    |
[INFO] [stdout] 32 |     lightning::routing::network_graph::NetGraphMsgHandler<Arc<ChainWatchInterface>, Arc<Logger>>,
[INFO] [stdout]    |                ^^^^^^^ could not find `routing` in `lightning`
[INFO] [stdout] 
[INFO] [stdout] 
[INFO] [stdout] error[E0433]: failed to resolve: could not find `routing` in `lightning`
[INFO] [stdout]   --> src/client.rs:32:16
[INFO] [stdout]    |
[INFO] [stdout] 32 |     lightning::routing::network_graph::NetGraphMsgHandler<Arc<ChainWatchInterface>, Arc<Logger>>,
[INFO] [stdout]    |                ^^^^^^^ could not find `routing` in `lightning`
[INFO] [stdout] 
[INFO] [stdout] 
[INFO] [stdout] error[E0433]: failed to resolve: could not find `routing` in `lightning`
[INFO] [stdout]    --> src/client.rs:119:33
[INFO] [stdout]     |
[INFO] [stdout] 119 |             Arc::new(lightning::routing::network_graph::NetGraphMsgHandler::new(
[INFO] [stdout]     |                                 ^^^^^^^ could not find `routing` in `lightning`
[INFO] [stdout] 
[INFO] [stdout] 
[INFO] [stdout] error[E0107]: wrong number of type arguments: expected 3, found 4
[INFO] [stdout]   --> src/client.rs:29:5
[INFO] [stdout]    |
[INFO] [stdout] 29 |     Logger,
[INFO] [stdout]    |     ^^^^^^ unexpected type argument
[INFO] [stdout] 
[INFO] [stdout] 
[INFO] [stdout] error[E0107]: wrong number of type arguments: expected 4, found 6
[INFO] [stdout]   --> src/client.rs:22:5
[INFO] [stdout]    |
[INFO] [stdout] 22 |     Arc<Logger>,
[INFO] [stdout]    |     ^^^^^^^^^^^ unexpected type argument
[INFO] [stdout] 23 |     Arc<ChainWatchInterface>,
[INFO] [stdout]    |     ^^^^^^^^^^^^^^^^^^^^^^^^ unexpected type argument
[INFO] [stdout] 
[INFO] [stdout] 
[INFO] [stdout] error[E0107]: wrong number of type arguments: expected 4, found 6
[INFO] [stdout]   --> src/client.rs:39:5
[INFO] [stdout]    |
[INFO] [stdout] 39 |     ChainWatchInterface,
[INFO] [stdout]    |     ^^^^^^^^^^^^^^^^^^^ unexpected type argument
[INFO] [stdout] 40 |     Logger,
[INFO] [stdout]    |     ^^^^^^ unexpected type argument
[INFO] [stdout] 
[INFO] [stdout] 
[INFO] [stdout] error: aborting due to 5 previous errors
[INFO] [stdout] 
[INFO] [stdout] 
[INFO] [stdout] Some errors have detailed explanations: E0107, E0433.
[INFO] [stdout] 
[INFO] [stdout] For more information about an error, try `rustc --explain E0107`.
[INFO] [stdout] 
[INFO] [stdout] error[E0433]: failed to resolve: could not find `routing` in `lightning`
[INFO] [stdout]    --> src/client.rs:119:33
[INFO] [stdout]     |
[INFO] [stdout] 119 |             Arc::new(lightning::routing::network_graph::NetGraphMsgHandler::new(
[INFO] [stdout]     |                                 ^^^^^^^ could not find `routing` in `lightning`
[INFO] [stdout] 
[INFO] [stdout] 
[INFO] [stdout] error[E0107]: wrong number of type arguments: expected 3, found 4
[INFO] [stdout]   --> src/client.rs:29:5
[INFO] [stdout]    |
[INFO] [stdout] 29 |     Logger,
[INFO] [stdout]    |     ^^^^^^ unexpected type argument
[INFO] [stdout] 
[INFO] [stdout] 
[INFO] [stdout] error[E0107]: wrong number of type arguments: expected 4, found 6
[INFO] [stdout]   --> src/client.rs:22:5
[INFO] [stdout]    |
[INFO] [stdout] 22 |     Arc<Logger>,
[INFO] [stdout]    |     ^^^^^^^^^^^ unexpected type argument
[INFO] [stdout] 23 |     Arc<ChainWatchInterface>,
[INFO] [stdout]    |     ^^^^^^^^^^^^^^^^^^^^^^^^ unexpected type argument
[INFO] [stdout] 
[INFO] [stdout] 
[INFO] [stdout] error[E0107]: wrong number of type arguments: expected 4, found 6
[INFO] [stdout]   --> src/client.rs:39:5
[INFO] [stdout]    |
[INFO] [stdout] 39 |     ChainWatchInterface,
[INFO] [stdout]    |     ^^^^^^^^^^^^^^^^^^^ unexpected type argument
[INFO] [stdout] 40 |     Logger,
[INFO] [stdout]    |     ^^^^^^ unexpected type argument
[INFO] [stdout] 
[INFO] [stdout] 
[INFO] [stderr] error: could not compile `rust-lightning-example`.
[INFO] [stderr] 
[INFO] [stderr] To learn more, run the command again with --verbose.
[INFO] [stderr] warning: build failed, waiting for other jobs to finish...
[INFO] [stdout] error: aborting due to 5 previous errors
[INFO] [stdout] 
[INFO] [stdout] 
[INFO] [stdout] Some errors have detailed explanations: E0107, E0433.
[INFO] [stdout] 
[INFO] [stdout] For more information about an error, try `rustc --explain E0107`.
[INFO] [stdout] 
[INFO] [stderr] error: build failed
[INFO] running `Command { std: "docker" "inspect" "3bff60d7dff980e0f7fd688fd6d4ce2adc7a4e0cc489e3561e833b796960d563", kill_on_drop: false }`
[INFO] running `Command { std: "docker" "rm" "-f" "3bff60d7dff980e0f7fd688fd6d4ce2adc7a4e0cc489e3561e833b796960d563", kill_on_drop: false }`
[INFO] [stdout] 3bff60d7dff980e0f7fd688fd6d4ce2adc7a4e0cc489e3561e833b796960d563
